{"id":621,"date":"2014-01-21T13:37:21","date_gmt":"2014-01-21T11:37:21","guid":{"rendered":"http:\/\/www.wetterauer-landbote.de\/?page_id=621"},"modified":"2014-02-03T21:29:07","modified_gmt":"2014-02-03T19:29:07","slug":"baustellen","status":"publish","type":"page","link":"http:\/\/www.wetterauer-landbote.de\/?page_id=621","title":{"rendered":"Baustellen"},"content":{"rendered":"<h1>Sturm gegen Windr\u00e4der<\/h1>\n<h2>Umstrittene Rotoren an der M\u00fcnzenburg<\/h2>\n<p><a href=\"https:\/\/i0.wp.com\/www.wetterauer-landbote.de\/wp-content\/uploads\/2014\/01\/planburg1.jpg\"><img data-recalc-dims=\"1\" loading=\"lazy\" decoding=\"async\" class=\"alignnone size-large wp-image-623\" alt=\"planburg1\" src=\"https:\/\/i0.wp.com\/www.wetterauer-landbote.de\/wp-content\/uploads\/2014\/01\/planburg1.jpg?resize=584%2C455\" width=\"584\" height=\"455\" srcset=\"https:\/\/i0.wp.com\/www.wetterauer-landbote.de\/wp-content\/uploads\/2014\/01\/planburg1.jpg?resize=1024%2C799 1024w, https:\/\/i0.wp.com\/www.wetterauer-landbote.de\/wp-content\/uploads\/2014\/01\/planburg1.jpg?resize=300%2C234 300w, https:\/\/i0.wp.com\/www.wetterauer-landbote.de\/wp-content\/uploads\/2014\/01\/planburg1.jpg?resize=384%2C300 384w, https:\/\/i0.wp.com\/www.wetterauer-landbote.de\/wp-content\/uploads\/2014\/01\/planburg1.jpg?w=1026 1026w\" sizes=\"auto, (max-width: 584px) 100vw, 584px\" \/><\/a><\/p>\n<p>In Sichtweite der Staufferburg zwischen M\u00fcnzenberg und Rockenberg plant das Bad Nauheimer Unternehmen Alphasol einen B\u00fcrgerwindpark mit acht je 200 Metern hohen Windr\u00e4dern \u2013 vier auf M\u00fcnzenberger Seite, vier jenseits der Gemarkungsgrenze auf Rockenberger Gel\u00e4nde. Rund 37 Millionen Euro soll das Vorhaben kosten, finanziert von Gro\u00dfinvestoren aus der Region und B\u00fcrgerdarlehen. Es w\u00e4re der erste B\u00fcrgerwindpark in der Wetterau. Wird das bereits jetzt umstrittene Projekt gebaut, k\u00f6nnten die acht Generatoren Energie f\u00fcr rund 14 000 Haushalte liefern.<br \/>\n<a href=\"https:\/\/i0.wp.com\/www.wetterauer-landbote.de\/wp-content\/uploads\/2014\/01\/karte1.jpg\"><img data-recalc-dims=\"1\" loading=\"lazy\" decoding=\"async\" class=\"alignnone size-full wp-image-622\" alt=\"karte1\" src=\"https:\/\/i0.wp.com\/www.wetterauer-landbote.de\/wp-content\/uploads\/2014\/01\/karte1.jpg?resize=584%2C445\" width=\"584\" height=\"445\" srcset=\"https:\/\/i0.wp.com\/www.wetterauer-landbote.de\/wp-content\/uploads\/2014\/01\/karte1.jpg?w=601 601w, https:\/\/i0.wp.com\/www.wetterauer-landbote.de\/wp-content\/uploads\/2014\/01\/karte1.jpg?resize=300%2C228 300w, https:\/\/i0.wp.com\/www.wetterauer-landbote.de\/wp-content\/uploads\/2014\/01\/karte1.jpg?resize=393%2C300 393w\" sizes=\"auto, (max-width: 584px) 100vw, 584px\" \/><\/a><\/p>\n<p>So viele Windr\u00e4der drehen sich bereits in der Wetterau. Die meisten stehen im Nordosten des Kreises.<\/p>\n<p><a href=\"http:\/\/www.wetterauer-landbote.de\/?p=388\" target=\"blank\">Weitere Informationen<\/a><\/p>\n","protected":false},"excerpt":{"rendered":"<p>Sturm gegen Windr\u00e4der Umstrittene Rotoren an der M\u00fcnzenburg In Sichtweite der Staufferburg zwischen M\u00fcnzenberg und Rockenberg plant das Bad Nauheimer Unternehmen Alphasol einen B\u00fcrgerwindpark mit acht je 200 Metern hohen Windr\u00e4dern \u2013 vier auf M\u00fcnzenberger Seite, vier jenseits der Gemarkungsgrenze &hellip; <a href=\"http:\/\/www.wetterauer-landbote.de\/?page_id=621\">Weiterlesen <span class=\"meta-nav\">&rarr;<\/span><\/a><\/p>\n","protected":false},"author":1,"featured_media":0,"parent":0,"menu_order":0,"comment_status":"open","ping_status":"open","template":"","meta":{"footnotes":""},"class_list":["post-621","page","type-page","status-publish","hentry"],"yoast_head":"<!-- This site is optimized with the Yoast SEO plugin v27.0 - https:\/\/yoast.com\/product\/yoast-seo-wordpress\/ -->\n<title>Baustellen - Wetterauer-Landbote<\/title>\n<meta name=\"description\" content=\"Das Bad Nauheimer Unternehmen Alphsol plant acht Windr\u00e4der an der M\u00fcnzenburg. Die Pl\u00e4ne sind heftig umstritten.\" \/>\n<meta name=\"robots\" content=\"index, follow, max-snippet:-1, max-image-preview:large, max-video-preview:-1\" \/>\n<link rel=\"canonical\" href=\"https:\/\/www.wetterauer-landbote.de\/?page_id=621\" \/>\n<meta property=\"og:locale\" content=\"de_DE\" \/>\n<meta property=\"og:type\" content=\"article\" \/>\n<meta property=\"og:title\" content=\"Baustellen - Wetterauer-Landbote\" \/>\n<meta property=\"og:description\" content=\"Das Bad Nauheimer Unternehmen Alphsol plant acht Windr\u00e4der an der M\u00fcnzenburg. Die Pl\u00e4ne sind heftig umstritten.\" \/>\n<meta property=\"og:url\" content=\"https:\/\/www.wetterauer-landbote.de\/?page_id=621\" \/>\n<meta property=\"og:site_name\" content=\"Wetterauer-Landbote\" \/>\n<meta property=\"article:modified_time\" content=\"2014-02-03T19:29:07+00:00\" \/>\n<meta property=\"og:image\" content=\"http:\/\/www.wetterauer-landbote.de\/wp-content\/uploads\/2014\/01\/planburg1-1024x799.jpg\" \/>\n<meta name=\"twitter:label1\" content=\"Gesch\u00e4tzte Lesezeit\" \/>\n\t<meta name=\"twitter:data1\" content=\"1\u00a0Minute\" \/>\n<script type=\"application\/ld+json\" class=\"yoast-schema-graph\">{\"@context\":\"https:\/\/schema.org\",\"@graph\":[{\"@type\":\"WebPage\",\"@id\":\"https:\/\/www.wetterauer-landbote.de\/?page_id=621\",\"url\":\"https:\/\/www.wetterauer-landbote.de\/?page_id=621\",\"name\":\"Baustellen - Wetterauer-Landbote\",\"isPartOf\":{\"@id\":\"http:\/\/www.wetterauer-landbote.de\/#website\"},\"primaryImageOfPage\":{\"@id\":\"https:\/\/www.wetterauer-landbote.de\/?page_id=621#primaryimage\"},\"image\":{\"@id\":\"https:\/\/www.wetterauer-landbote.de\/?page_id=621#primaryimage\"},\"thumbnailUrl\":\"http:\/\/www.wetterauer-landbote.de\/wp-content\/uploads\/2014\/01\/planburg1-1024x799.jpg\",\"datePublished\":\"2014-01-21T11:37:21+00:00\",\"dateModified\":\"2014-02-03T19:29:07+00:00\",\"description\":\"Das Bad Nauheimer Unternehmen Alphsol plant acht Windr\u00e4der an der M\u00fcnzenburg. Die Pl\u00e4ne sind heftig umstritten.\",\"breadcrumb\":{\"@id\":\"https:\/\/www.wetterauer-landbote.de\/?page_id=621#breadcrumb\"},\"inLanguage\":\"de\",\"potentialAction\":[{\"@type\":\"ReadAction\",\"target\":[\"https:\/\/www.wetterauer-landbote.de\/?page_id=621\"]}]},{\"@type\":\"ImageObject\",\"inLanguage\":\"de\",\"@id\":\"https:\/\/www.wetterauer-landbote.de\/?page_id=621#primaryimage\",\"url\":\"https:\/\/i0.wp.com\/www.wetterauer-landbote.de\/wp-content\/uploads\/2014\/01\/planburg1.jpg?fit=1026%2C801\",\"contentUrl\":\"https:\/\/i0.wp.com\/www.wetterauer-landbote.de\/wp-content\/uploads\/2014\/01\/planburg1.jpg?fit=1026%2C801\",\"width\":1026,\"height\":801},{\"@type\":\"BreadcrumbList\",\"@id\":\"https:\/\/www.wetterauer-landbote.de\/?page_id=621#breadcrumb\",\"itemListElement\":[{\"@type\":\"ListItem\",\"position\":1,\"name\":\"Home\",\"item\":\"http:\/\/www.wetterauer-landbote.de\/\"},{\"@type\":\"ListItem\",\"position\":2,\"name\":\"Baustellen\"}]},{\"@type\":\"WebSite\",\"@id\":\"http:\/\/www.wetterauer-landbote.de\/#website\",\"url\":\"http:\/\/www.wetterauer-landbote.de\/\",\"name\":\"Wetterauer-Landbote\",\"description\":\"\",\"potentialAction\":[{\"@type\":\"SearchAction\",\"target\":{\"@type\":\"EntryPoint\",\"urlTemplate\":\"http:\/\/www.wetterauer-landbote.de\/?s={search_term_string}\"},\"query-input\":{\"@type\":\"PropertyValueSpecification\",\"valueRequired\":true,\"valueName\":\"search_term_string\"}}],\"inLanguage\":\"de\"}]}<\/script>\n<!-- \/ Yoast SEO plugin. -->","yoast_head_json":{"title":"Baustellen - Wetterauer-Landbote","description":"Das Bad Nauheimer Unternehmen Alphsol plant acht Windr\u00e4der an der M\u00fcnzenburg. Die Pl\u00e4ne sind heftig umstritten.","robots":{"index":"index","follow":"follow","max-snippet":"max-snippet:-1","max-image-preview":"max-image-preview:large","max-video-preview":"max-video-preview:-1"},"canonical":"https:\/\/www.wetterauer-landbote.de\/?page_id=621","og_locale":"de_DE","og_type":"article","og_title":"Baustellen - Wetterauer-Landbote","og_description":"Das Bad Nauheimer Unternehmen Alphsol plant acht Windr\u00e4der an der M\u00fcnzenburg. Die Pl\u00e4ne sind heftig umstritten.","og_url":"https:\/\/www.wetterauer-landbote.de\/?page_id=621","og_site_name":"Wetterauer-Landbote","article_modified_time":"2014-02-03T19:29:07+00:00","og_image":[{"url":"http:\/\/www.wetterauer-landbote.de\/wp-content\/uploads\/2014\/01\/planburg1-1024x799.jpg","type":"","width":"","height":""}],"twitter_misc":{"Gesch\u00e4tzte Lesezeit":"1\u00a0Minute"},"schema":{"@context":"https:\/\/schema.org","@graph":[{"@type":"WebPage","@id":"https:\/\/www.wetterauer-landbote.de\/?page_id=621","url":"https:\/\/www.wetterauer-landbote.de\/?page_id=621","name":"Baustellen - Wetterauer-Landbote","isPartOf":{"@id":"http:\/\/www.wetterauer-landbote.de\/#website"},"primaryImageOfPage":{"@id":"https:\/\/www.wetterauer-landbote.de\/?page_id=621#primaryimage"},"image":{"@id":"https:\/\/www.wetterauer-landbote.de\/?page_id=621#primaryimage"},"thumbnailUrl":"http:\/\/www.wetterauer-landbote.de\/wp-content\/uploads\/2014\/01\/planburg1-1024x799.jpg","datePublished":"2014-01-21T11:37:21+00:00","dateModified":"2014-02-03T19:29:07+00:00","description":"Das Bad Nauheimer Unternehmen Alphsol plant acht Windr\u00e4der an der M\u00fcnzenburg. Die Pl\u00e4ne sind heftig umstritten.","breadcrumb":{"@id":"https:\/\/www.wetterauer-landbote.de\/?page_id=621#breadcrumb"},"inLanguage":"de","potentialAction":[{"@type":"ReadAction","target":["https:\/\/www.wetterauer-landbote.de\/?page_id=621"]}]},{"@type":"ImageObject","inLanguage":"de","@id":"https:\/\/www.wetterauer-landbote.de\/?page_id=621#primaryimage","url":"https:\/\/i0.wp.com\/www.wetterauer-landbote.de\/wp-content\/uploads\/2014\/01\/planburg1.jpg?fit=1026%2C801","contentUrl":"https:\/\/i0.wp.com\/www.wetterauer-landbote.de\/wp-content\/uploads\/2014\/01\/planburg1.jpg?fit=1026%2C801","width":1026,"height":801},{"@type":"BreadcrumbList","@id":"https:\/\/www.wetterauer-landbote.de\/?page_id=621#breadcrumb","itemListElement":[{"@type":"ListItem","position":1,"name":"Home","item":"http:\/\/www.wetterauer-landbote.de\/"},{"@type":"ListItem","position":2,"name":"Baustellen"}]},{"@type":"WebSite","@id":"http:\/\/www.wetterauer-landbote.de\/#website","url":"http:\/\/www.wetterauer-landbote.de\/","name":"Wetterauer-Landbote","description":"","potentialAction":[{"@type":"SearchAction","target":{"@type":"EntryPoint","urlTemplate":"http:\/\/www.wetterauer-landbote.de\/?s={search_term_string}"},"query-input":{"@type":"PropertyValueSpecification","valueRequired":true,"valueName":"search_term_string"}}],"inLanguage":"de"}]}},"jetpack_sharing_enabled":true,"jetpack_likes_enabled":true,"_links":{"self":[{"href":"http:\/\/www.wetterauer-landbote.de\/index.php?rest_route=\/wp\/v2\/pages\/621","targetHints":{"allow":["GET"]}}],"collection":[{"href":"http:\/\/www.wetterauer-landbote.de\/index.php?rest_route=\/wp\/v2\/pages"}],"about":[{"href":"http:\/\/www.wetterauer-landbote.de\/index.php?rest_route=\/wp\/v2\/types\/page"}],"author":[{"embeddable":true,"href":"http:\/\/www.wetterauer-landbote.de\/index.php?rest_route=\/wp\/v2\/users\/1"}],"replies":[{"embeddable":true,"href":"http:\/\/www.wetterauer-landbote.de\/index.php?rest_route=%2Fwp%2Fv2%2Fcomments&post=621"}],"version-history":[{"count":3,"href":"http:\/\/www.wetterauer-landbote.de\/index.php?rest_route=\/wp\/v2\/pages\/621\/revisions"}],"predecessor-version":[{"id":647,"href":"http:\/\/www.wetterauer-landbote.de\/index.php?rest_route=\/wp\/v2\/pages\/621\/revisions\/647"}],"wp:attachment":[{"href":"http:\/\/www.wetterauer-landbote.de\/index.php?rest_route=%2Fwp%2Fv2%2Fmedia&parent=621"}],"curies":[{"name":"wp","href":"https:\/\/api.w.org\/{rel}","templated":true}]}}