{"id":62,"date":"2013-05-20T17:42:08","date_gmt":"2013-05-20T15:42:08","guid":{"rendered":"http:\/\/www.wetterauer-landbote.de\/?page_id=62"},"modified":"2013-06-26T14:06:44","modified_gmt":"2013-06-26T12:06:44","slug":"fr-nostalgie","status":"publish","type":"page","link":"http:\/\/www.wetterauer-landbote.de\/?page_id=62","title":{"rendered":"FR-Nostalgie"},"content":{"rendered":"<h2>Erinnerungen an die Friedberger Redaktion der Frankfurter Rundschau (FR)<\/h2>\n<p>Die Friedberger Redaktion der Frankfurter Rundschau hat Wetterauer Geschichte beschrieben und geschrieben. Kaum hatte die FR Ende 2012 Insolvenz angemeldet, erinnerten sich Spiegel-Mitarbeiter in ihrem Blatt an ihre Zeit beim &#8222;Zentralorgan der Apo&#8220;. Die Friedberger FR-Redaktion stand dabei ganz vorne. Ein gewisser J\u00f6rg Schmitt war einst Praktikant bei der FR in Friedberg. Im Spiegel erinnert er sich: &#8222;Die Lokalredaktion in der Wetterau war damals ein R\u00fcckzugsgebiet f\u00fcr linksalternative Lebensentw\u00fcrfe. Der Lokalchef z\u00fcchtete nebenher Schafe, die auch den Rohstoff f\u00fcr seine Pullis und M\u00fctzen lieferten. Ansonsten trugen die Kollegen gerne die Haare lang und die politische Gesinnung auf Stickern vor sich her.&#8220;<\/p>\n<p>Der Lokalchef z\u00fcchtete zwar Ziegen und trug keine M\u00fctzen, aber ein Biotop war die Friedberger Redaktion allemal. Kreativit\u00e4t und Teamgeist entwickelten sich hier pr\u00e4chtig. Gleich zweimal ging der W\u00e4chterpreis der Tagespresse an Mitglieder dieser Redaktion. Die FR deckte einen Schwarzgeldskandal auf und sorgte so daf\u00fcr, dass der damalige Landrat Helmut M\u00fcnch (CDU) seinen Hut nehmen musste. \u00dcber ihre Berichterstattung hinaus organisierte die Friedberger FR zahlreiche vielbeachtete\u00a0 Foren zu aktuellen Themen der Kreispolitik und Podiumsdidskussion zu B\u00fcrgermeisterwahlen, die immer mehrere Hundert Besucher lockten. Journalisten wie Horst Sch\u00fc\u00dfler, Winfried Rohloff, Michael Emmrich, Karl-Heinz Karisch, Peter Gwiasda, Corinna Willf\u00fchr, Harald Herbert, Klaus Nissen und Toni Seib pr\u00e4gten die Friedberger FR-Redaktion.<\/p>\n<p><a href=\"https:\/\/i0.wp.com\/www.wetterauer-landbote.de\/wp-content\/uploads\/2013\/05\/frfastnacht.gif\"><img data-recalc-dims=\"1\" loading=\"lazy\" decoding=\"async\" class=\"alignnone size-medium wp-image-143\" alt=\"frfastnacht\" src=\"https:\/\/i0.wp.com\/www.wetterauer-landbote.de\/wp-content\/uploads\/2013\/05\/frfastnacht.gif?resize=300%2C224\" width=\"300\" height=\"224\" srcset=\"https:\/\/i0.wp.com\/www.wetterauer-landbote.de\/wp-content\/uploads\/2013\/05\/frfastnacht.gif?resize=300%2C224 300w, https:\/\/i0.wp.com\/www.wetterauer-landbote.de\/wp-content\/uploads\/2013\/05\/frfastnacht.gif?resize=1024%2C766 1024w, https:\/\/i0.wp.com\/www.wetterauer-landbote.de\/wp-content\/uploads\/2013\/05\/frfastnacht.gif?resize=400%2C300 400w, https:\/\/i0.wp.com\/www.wetterauer-landbote.de\/wp-content\/uploads\/2013\/05\/frfastnacht.gif?w=1168 1168w, https:\/\/i0.wp.com\/www.wetterauer-landbote.de\/wp-content\/uploads\/2013\/05\/frfastnacht.gif?w=1752 1752w\" sizes=\"auto, (max-width: 300px) 100vw, 300px\" \/><\/a>Die Friedberger FR-Redaktion formiert sich Anfang der 1990er-Jahre zu einem Fastnachtsfoto. Von links: Karl-Heinz Karisch, ein Praktikant, Michael Emmrich, Horst Sch\u00fc\u00dfler, Bruno Rieb<\/p>\n<p>&nbsp;<\/p>\n<p>Der Niedergang der FR ist mit ihrem R\u00fcckzug aus dem\u00a0 Frankfurter Umland verbunden.\u00a0Die Friedberger Redaktion wurde 2005\u00a0 geschlossen. Die FR zog sich aus der Fl\u00e4che zur\u00fcck &#8211; und verlor ein attraktives Publikum:\u00a0 junge Familien, die sich in den Neubaugebieten der Wetterau nieder gelassen hatten.\u00a0 Sie waren von Einrichtungsh\u00e4usern, Baufirmen,\u00a0 Autoh\u00e4usern und Kreditinstituten umworben. So verlor die FR in der Zeitungskrise viel st\u00e4rker als andere Bl\u00e4tter Auflage und Anzeigen.<\/p>\n<p>Hier wird an die glorreichen Zeiten der Friedberger FR-Redaktion erinnert, an Leute und an Ereignisse.<\/p>\n<p>&nbsp;<\/p>\n<p>&nbsp;<\/p>\n<p>&nbsp;<\/p>\n","protected":false},"excerpt":{"rendered":"<p>Erinnerungen an die Friedberger Redaktion der Frankfurter Rundschau (FR) Die Friedberger Redaktion der Frankfurter Rundschau hat Wetterauer Geschichte beschrieben und geschrieben. Kaum hatte die FR Ende 2012 Insolvenz angemeldet, erinnerten sich Spiegel-Mitarbeiter in ihrem Blatt an ihre Zeit beim &#8222;Zentralorgan &hellip; <a href=\"http:\/\/www.wetterauer-landbote.de\/?page_id=62\">Weiterlesen <span class=\"meta-nav\">&rarr;<\/span><\/a><\/p>\n","protected":false},"author":1,"featured_media":0,"parent":0,"menu_order":0,"comment_status":"open","ping_status":"open","template":"","meta":{"footnotes":""},"class_list":["post-62","page","type-page","status-publish","hentry"],"yoast_head":"<!-- This site is optimized with the Yoast SEO plugin v27.0 - https:\/\/yoast.com\/product\/yoast-seo-wordpress\/ -->\n<title>FR-Nostalgie  - Wetterauer-Landbote<\/title>\n<meta name=\"description\" content=\"Redaktion der Frankfurter Rundschau in Friedberg: Horst Sch\u00fc\u00dfler, Winfried Rohloff, Michael Emmrich, Karl-Heinz Karisch, Peter Gwiasda, Corinna Willf\u00fchr.\" \/>\n<meta name=\"robots\" content=\"index, follow, max-snippet:-1, max-image-preview:large, max-video-preview:-1\" \/>\n<link rel=\"canonical\" href=\"https:\/\/www.wetterauer-landbote.de\/?page_id=62\" \/>\n<meta property=\"og:locale\" content=\"de_DE\" \/>\n<meta property=\"og:type\" content=\"article\" \/>\n<meta property=\"og:title\" content=\"FR-Nostalgie  - Wetterauer-Landbote\" \/>\n<meta property=\"og:description\" content=\"Redaktion der Frankfurter Rundschau in Friedberg: Horst Sch\u00fc\u00dfler, Winfried Rohloff, Michael Emmrich, Karl-Heinz Karisch, Peter Gwiasda, Corinna Willf\u00fchr.\" \/>\n<meta property=\"og:url\" content=\"https:\/\/www.wetterauer-landbote.de\/?page_id=62\" \/>\n<meta property=\"og:site_name\" content=\"Wetterauer-Landbote\" \/>\n<meta property=\"article:modified_time\" content=\"2013-06-26T12:06:44+00:00\" \/>\n<meta property=\"og:image\" content=\"http:\/\/www.wetterauer-landbote.de\/wp-content\/uploads\/2013\/05\/frfastnacht-300x224.gif\" \/>\n<meta name=\"twitter:label1\" content=\"Gesch\u00e4tzte Lesezeit\" \/>\n\t<meta name=\"twitter:data1\" content=\"2\u00a0Minuten\" \/>\n<script type=\"application\/ld+json\" class=\"yoast-schema-graph\">{\"@context\":\"https:\/\/schema.org\",\"@graph\":[{\"@type\":\"WebPage\",\"@id\":\"https:\/\/www.wetterauer-landbote.de\/?page_id=62\",\"url\":\"https:\/\/www.wetterauer-landbote.de\/?page_id=62\",\"name\":\"FR-Nostalgie - Wetterauer-Landbote\",\"isPartOf\":{\"@id\":\"http:\/\/www.wetterauer-landbote.de\/#website\"},\"primaryImageOfPage\":{\"@id\":\"https:\/\/www.wetterauer-landbote.de\/?page_id=62#primaryimage\"},\"image\":{\"@id\":\"https:\/\/www.wetterauer-landbote.de\/?page_id=62#primaryimage\"},\"thumbnailUrl\":\"http:\/\/www.wetterauer-landbote.de\/wp-content\/uploads\/2013\/05\/frfastnacht-300x224.gif\",\"datePublished\":\"2013-05-20T15:42:08+00:00\",\"dateModified\":\"2013-06-26T12:06:44+00:00\",\"description\":\"Redaktion der Frankfurter Rundschau in Friedberg: Horst Sch\u00fc\u00dfler, Winfried Rohloff, Michael Emmrich, Karl-Heinz Karisch, Peter Gwiasda, Corinna Willf\u00fchr.\",\"breadcrumb\":{\"@id\":\"https:\/\/www.wetterauer-landbote.de\/?page_id=62#breadcrumb\"},\"inLanguage\":\"de\",\"potentialAction\":[{\"@type\":\"ReadAction\",\"target\":[\"https:\/\/www.wetterauer-landbote.de\/?page_id=62\"]}]},{\"@type\":\"ImageObject\",\"inLanguage\":\"de\",\"@id\":\"https:\/\/www.wetterauer-landbote.de\/?page_id=62#primaryimage\",\"url\":\"https:\/\/i0.wp.com\/www.wetterauer-landbote.de\/wp-content\/uploads\/2013\/05\/frfastnacht.gif?fit=2785%2C2085\",\"contentUrl\":\"https:\/\/i0.wp.com\/www.wetterauer-landbote.de\/wp-content\/uploads\/2013\/05\/frfastnacht.gif?fit=2785%2C2085\",\"width\":2785,\"height\":2085},{\"@type\":\"BreadcrumbList\",\"@id\":\"https:\/\/www.wetterauer-landbote.de\/?page_id=62#breadcrumb\",\"itemListElement\":[{\"@type\":\"ListItem\",\"position\":1,\"name\":\"Home\",\"item\":\"http:\/\/www.wetterauer-landbote.de\/\"},{\"@type\":\"ListItem\",\"position\":2,\"name\":\"FR-Nostalgie\"}]},{\"@type\":\"WebSite\",\"@id\":\"http:\/\/www.wetterauer-landbote.de\/#website\",\"url\":\"http:\/\/www.wetterauer-landbote.de\/\",\"name\":\"Wetterauer-Landbote\",\"description\":\"\",\"potentialAction\":[{\"@type\":\"SearchAction\",\"target\":{\"@type\":\"EntryPoint\",\"urlTemplate\":\"http:\/\/www.wetterauer-landbote.de\/?s={search_term_string}\"},\"query-input\":{\"@type\":\"PropertyValueSpecification\",\"valueRequired\":true,\"valueName\":\"search_term_string\"}}],\"inLanguage\":\"de\"}]}<\/script>\n<!-- \/ Yoast SEO plugin. -->","yoast_head_json":{"title":"FR-Nostalgie  - Wetterauer-Landbote","description":"Redaktion der Frankfurter Rundschau in Friedberg: Horst Sch\u00fc\u00dfler, Winfried Rohloff, Michael Emmrich, Karl-Heinz Karisch, Peter Gwiasda, Corinna Willf\u00fchr.","robots":{"index":"index","follow":"follow","max-snippet":"max-snippet:-1","max-image-preview":"max-image-preview:large","max-video-preview":"max-video-preview:-1"},"canonical":"https:\/\/www.wetterauer-landbote.de\/?page_id=62","og_locale":"de_DE","og_type":"article","og_title":"FR-Nostalgie  - Wetterauer-Landbote","og_description":"Redaktion der Frankfurter Rundschau in Friedberg: Horst Sch\u00fc\u00dfler, Winfried Rohloff, Michael Emmrich, Karl-Heinz Karisch, Peter Gwiasda, Corinna Willf\u00fchr.","og_url":"https:\/\/www.wetterauer-landbote.de\/?page_id=62","og_site_name":"Wetterauer-Landbote","article_modified_time":"2013-06-26T12:06:44+00:00","og_image":[{"url":"http:\/\/www.wetterauer-landbote.de\/wp-content\/uploads\/2013\/05\/frfastnacht-300x224.gif","type":"","width":"","height":""}],"twitter_misc":{"Gesch\u00e4tzte Lesezeit":"2\u00a0Minuten"},"schema":{"@context":"https:\/\/schema.org","@graph":[{"@type":"WebPage","@id":"https:\/\/www.wetterauer-landbote.de\/?page_id=62","url":"https:\/\/www.wetterauer-landbote.de\/?page_id=62","name":"FR-Nostalgie - Wetterauer-Landbote","isPartOf":{"@id":"http:\/\/www.wetterauer-landbote.de\/#website"},"primaryImageOfPage":{"@id":"https:\/\/www.wetterauer-landbote.de\/?page_id=62#primaryimage"},"image":{"@id":"https:\/\/www.wetterauer-landbote.de\/?page_id=62#primaryimage"},"thumbnailUrl":"http:\/\/www.wetterauer-landbote.de\/wp-content\/uploads\/2013\/05\/frfastnacht-300x224.gif","datePublished":"2013-05-20T15:42:08+00:00","dateModified":"2013-06-26T12:06:44+00:00","description":"Redaktion der Frankfurter Rundschau in Friedberg: Horst Sch\u00fc\u00dfler, Winfried Rohloff, Michael Emmrich, Karl-Heinz Karisch, Peter Gwiasda, Corinna Willf\u00fchr.","breadcrumb":{"@id":"https:\/\/www.wetterauer-landbote.de\/?page_id=62#breadcrumb"},"inLanguage":"de","potentialAction":[{"@type":"ReadAction","target":["https:\/\/www.wetterauer-landbote.de\/?page_id=62"]}]},{"@type":"ImageObject","inLanguage":"de","@id":"https:\/\/www.wetterauer-landbote.de\/?page_id=62#primaryimage","url":"https:\/\/i0.wp.com\/www.wetterauer-landbote.de\/wp-content\/uploads\/2013\/05\/frfastnacht.gif?fit=2785%2C2085","contentUrl":"https:\/\/i0.wp.com\/www.wetterauer-landbote.de\/wp-content\/uploads\/2013\/05\/frfastnacht.gif?fit=2785%2C2085","width":2785,"height":2085},{"@type":"BreadcrumbList","@id":"https:\/\/www.wetterauer-landbote.de\/?page_id=62#breadcrumb","itemListElement":[{"@type":"ListItem","position":1,"name":"Home","item":"http:\/\/www.wetterauer-landbote.de\/"},{"@type":"ListItem","position":2,"name":"FR-Nostalgie"}]},{"@type":"WebSite","@id":"http:\/\/www.wetterauer-landbote.de\/#website","url":"http:\/\/www.wetterauer-landbote.de\/","name":"Wetterauer-Landbote","description":"","potentialAction":[{"@type":"SearchAction","target":{"@type":"EntryPoint","urlTemplate":"http:\/\/www.wetterauer-landbote.de\/?s={search_term_string}"},"query-input":{"@type":"PropertyValueSpecification","valueRequired":true,"valueName":"search_term_string"}}],"inLanguage":"de"}]}},"jetpack_sharing_enabled":true,"jetpack_likes_enabled":true,"_links":{"self":[{"href":"http:\/\/www.wetterauer-landbote.de\/index.php?rest_route=\/wp\/v2\/pages\/62","targetHints":{"allow":["GET"]}}],"collection":[{"href":"http:\/\/www.wetterauer-landbote.de\/index.php?rest_route=\/wp\/v2\/pages"}],"about":[{"href":"http:\/\/www.wetterauer-landbote.de\/index.php?rest_route=\/wp\/v2\/types\/page"}],"author":[{"embeddable":true,"href":"http:\/\/www.wetterauer-landbote.de\/index.php?rest_route=\/wp\/v2\/users\/1"}],"replies":[{"embeddable":true,"href":"http:\/\/www.wetterauer-landbote.de\/index.php?rest_route=%2Fwp%2Fv2%2Fcomments&post=62"}],"version-history":[{"count":6,"href":"http:\/\/www.wetterauer-landbote.de\/index.php?rest_route=\/wp\/v2\/pages\/62\/revisions"}],"predecessor-version":[{"id":156,"href":"http:\/\/www.wetterauer-landbote.de\/index.php?rest_route=\/wp\/v2\/pages\/62\/revisions\/156"}],"wp:attachment":[{"href":"http:\/\/www.wetterauer-landbote.de\/index.php?rest_route=%2Fwp%2Fv2%2Fmedia&parent=62"}],"curies":[{"name":"wp","href":"https:\/\/api.w.org\/{rel}","templated":true}]}}